 3*h - 2. Let g(f) = 5*o(f) - 4*r(f). Let n be g(2). Determine q(n).
12
Let i be (-6)/(2 + 1) + -1 + 7. Suppose -2*v + 20 = 5*d, -d - i*v - 14 = -0*d. Let b(o) = -3 - o - 2 + 4*o - o. Calculate b(d).
7
Let l(p) be the third derivative of -p**4/24 + 8*p**3/3 + 84*p**2. Give l(8).
8
Let k = -1084 + 1084. Let u(f) = -2*f + 7. Calculate u(k).
7
Let d(t) = t**2 + 8*t - 5. Let k(v) = v - 1. Let p be k(-3). Let n(a) = -3*a**2 - 24*a + 14. Let j(h) = p*n(h) - 11*d(h). What is j(-8)?
-1
Suppose -2*h + 22 - 2 = 0. Suppose -4*t - 2 = 2*c, -c - h = -3*c + 2*t. Let x(j) = 2*j. What is x(c)?
6
Let i(v) = -v**2 + 3*v + 14. Suppose 0 = 17*c + 11*c - 168. Calculate i(c).
-4
Let a(t) = -2*t**3 + t**2 + 3*t - 1. Let m(q) = -9*q**3 + 11*q - 6. Let i(y) = 4*a(y) - m(y). Determine i(-5).
-28
Let l(u) = u - 1. Let z(g) = 5*g**2 - 5*g - 6. Let n(f) = 9*f**2 - 9*f - 11. Let v = 10 + 1. Let o(k) = v*z(k) - 6*n(k). Let p(x) = 2*l(x) - o(x). Give p(3).
-2
Let z(j) = -j + 10. Let p = 4 - -11. Let w = p + -9. Calculate z(w).
4
Suppose 7*g - 3*g - 20 = 0. Let r(c) = -c - 9*c + 8 + 0*c**2 + 2*c**2 - c**2 - 10. Calculate r(g).
-27
Let a(q) = q**2 - 9*q - 3. Let w be a(0). Let z(d) = -2*d + 1. Let r(b) = -b + 1. Let y(n) = -3*r(n) - z(n). What is y(w)?
-19
Let s(y) = 2 + 15*y + 2*y**2 + 0 - 1 - 3. Let c(l) = -l**2 - 10*l + 1. Let f(t) = -8*c(t) - 5*s(t). Determine f(4).
-10
Let y(u) = 5*u - 6*u - u**3 + 6*u**2 - 1 + 3*u - 3*u. Suppose -9 = f + 3*z, -f + 0*z + 21 = -3*z. Suppose 2*k - k = f. Calculate y(k).
-7
Let l(t) = -2*t**3 - 2*t**2 + t + 1. Let q(d) = 13*d + 53. Let s be q(-6). Let w be (8/(-10))/((-10)/s). Determine l(w).
7
Suppose y - 18 = 4*y. Let n = y - -7. Let o be (1 - 0)/((-1)/n). Let l(b) = -3*b - 1. Determine l(o).
2
Let l(v) = 26*v**2 - 22*v**2 + 2*v**3 - 3*v**3. Give l(4).
0
Let c(t) = t**2 + 11*t + 13. Let n be c(-9). Let a(f) = -3*f - 7. Let b = -34 - -36. Let l(g) = -2*g - 4. Let o(r) = b*a(r) - 5*l(r). What is o(n)?
-14
Let g(m) = -2*m**2 + m + 5. Let i be g(-2). Let a(b) = -b**3 - 5*b**2 + 6*b + 21. Give a(i).
-9
Suppose -5*b + 22 = -4*b - 4*f, -5*b + 42 = -3*f. Let w(c) = 8*c - 13. Let p(g) = -15*g + 25. Let r(s) = b*p(s) + 11*w(s). Determine r(8).
-9
Let v(s) be the third derivative of 5*s**2 + 0 + 1/24*s**4 + 0*s - 1/3*s**3. Suppose -2*c - 2 = -2*o, -2*o + 37 = -0*o + 5*c. Give v(o).
4
Let k(b) = b + 5. Let d(q) = -6*q**2 - 5*q + 9. Let s(n) = 5*n**2 + 4*n - 8. Let l(o) = -4*d(o) - 5*s(o). Let u be l(-2). What is k(u)?
5
Suppose 125*z - 154 = 139*z. Let s(h) = h**2 + 10*h - 8. Give s(z).
3
Let f(q) = -15*q - 12*q**2 + 24*q**3 + 29*q**3 + 6 - 51*q**3 + 14*q. Give f(6).
0
Suppose -4*m + j + 3 = -m, -5*m = -5*j + 5. Suppose -m*o + 0 = -4. Let q(d) = -d**3 + d**2 + d - 2. Determine q(o).
-4
Let c(v) = v**3 + 13*v - 14*v**2 - 29 - 23 + 54. Determine c(13).
2
Let z(r) = -r**2 + r - 1. Suppose -i - i + 14 = 2*u, -5*i = -15. Let j(c) = 5*c**2 + 10. Let s(o) = u*z(o) + j(o). Calculate s(-4).
6
Let d(l) = -l**2 - 3*l + 2. Let y(g) = 2*g**2 + 16*g - 7. Let h(k) = 6*d(k) + 2*y(k). Determine h(6).
10
Let v(y) be the third derivative of -y**6/120 + 7*y**5/60 - y**4/3 + 3*y**3/2 - 4*y**2 - 5. Suppose 0 = l + 2*l - 6. Suppose -4*i + l*i + 12 = 0. What is v(i)?
-3
Let g be (-862)/8 + (-4)/16*1. Let r = -115 - g. Let b(z) = z**2 + 9*z + 5. What is b(r)?
-9
Let i(r) = -6*r**2 + 2*r + 363 - 364 + 4*r**2. Let j(q) = -q**2 + 3*q + 5. Let s be j(4). Determine i(s).
-1
Let j(w) be the third derivative of w**6/120 - w**5/30 - w**4/24 - w**2 - 14*w. What is j(3)?
6
Let f(r) = -r - 2 - 2 + 5 - r**2 - 17*r**3 + 18*r**3 + 3. Let b = 5 - 5. Determine f(b).
4
Suppose 15*j = 12*j. Let n be (j + -5)*(-8)/(-10). Let v = 2 - n. Let f(x) = -x**3 + 7*x**2 - 8*x + 3. Give f(v).
-9
Let p(h) = -h**3 + h**2 - h - 46. Suppose c - 27 + 27 = 0. What is p(c)?
-46
Let j(q) be the second derivative of q**4/6 - 7*q**3/6 + 4*q**2 + 77*q + 2. Give j(4).
12
Let w(u) = u**3 + 19*u**2 + 17*u - 20. Let x(h) = 2*h**3 + 6*h**2 + 5*h - 3. Let d be x(-3). Determine w(d).
-2
Suppose -4*b + 3*z - 13 + 4 = 0, 5*b = 5*z - 10. Let s(l) = 10*l - 1. What is s(b)?
-31
Let g(x) be the third derivative of -x**4/24 + x**3/2 + 4*x**2. Let j(t) = t + 1. Let u(n) = g(n) - 6*j(n). What is u(-2)?
11
Let o(s) = s**2 - 9*s + 15. Suppose -4*i = 5*k - 10*k - 35, -4*i - k = -17. Determine o(i).
-5
Let i = 5 + -1. Suppose 3*l - l - 32 = 5*n, 0 = -5*l + i*n + 46. Let s be (-2 - l/(-4))*6. Let f(x) = -x**3 - 4*x**2 + 4. Calculate f(s).
-5
Let d(m) = m**2 + 14*m + 30. Let j = 1794 - 1806. Determine d(j).
6
Let c(t) = 7*t + 93. Let l be c(-13). Let n(k) = -2*k**3 - k. Give n(l).
-18
Let m(n) be the first derivative of n**6/360 + n**5/20 + n**4/12 + 7*n**3/3 + n**2/2 - 40. Let z(l) be the third derivative of m(l). Calculate z(-6).
2
Let c(b) be the third derivative of -b**6/120 - b**5/12 - b**4/12 - 3*b**3/2 - 45*b**2. Give c(-5).
1
Let w be ((-104)/(-78))/((-2)/(-9)). Let f(z) be the second derivative of -z**5/20 + z**4/2 - z**3/3 + 4*z**2 - 22*z. Calculate f(w).
-4
Let r(n) = n. Let c(i) = -2*i - 2. Let t(k) = 6*k + 5. Let h = -26 + 29. Let a(z) = h*t(z) + 8*c(z). Let b(j) = a(j) - 5*r(j). What is b(-3)?
8
Suppose -8 = -i - 3*m, 4*i - 5 + 1 = 2*m. Let k(x) = -4 + 9*x**3 - x - 10*x**3 - 2*x**i + 5*x**2. Give k(3).
-7
Let t(o) = -o**3 - o**2 - o + 3. Let i be t(0). Suppose c = v + 9, -6*c = -3*c + 2*v - 12. Let m(f) = 3*f + 5*f + 0*f - c*f + 3. Determine m(i).
9
Let u(z) = -z**3 + z**2 + 1. Let r(s) = -s**3 + 3*s**2 + 3*s - 1. Let o(k) = r(k) - 2*u(k). Give o(-3).
-30
Let c(a) = a - 3. Let s = 128 + -84. Suppose -4*p + s = 8. Let v = p - 3. Calculate c(v).
3
Suppose n - 6*n = 0. Let w be (4/12)/((-1)/(-6)). Let b(u) = -2*u - w + 6 + u. What is b(n)?
4
Let f(i) = i**3 + i**2 - i - 9. Let n = -384 - -384. Give f(n).
-9
Suppose -20*l - 18041 = -17941. Let d(f) be the third derivative of f**4/12 + f**3 - f**2. Determine d(l).
-4
Let s(i) be the first derivative of i**4/4 - 11*i**3/3 - 7*i**2 + 17*i - 156. What is s(12)?
-7
Let r(w) = 4*w - 8. Let g(p) = p - 1. Let h(j) = -7*g(j) + 2*r(j). Give h(3).
-6
Let p(l) = l**2 - 2*l + 3. Let y be p(0). Let s(v) = -2*v**y - v + 46 + 3*v**3 - 30. Determine s(0).
16
Suppose -5*j = -2*p - 5, -j - 5*p + 2*p = -1. Let u(f) = -120 + 354 - 118 + 6*f**2 - 117. Determine u(j).
5
Let v(h) be the second derivative of 1/30*h**5 + 0 + 0*h**4 + 2*h + 4*h**2 + 1/6*h**3. Let p(x) be the first derivative of v(x). Give p(-1).
3
Let v be ((-39)/(-6) + -5)*32/6. Let c(f) = -5*f**2 + 10*f + 5. Let n(l) = l**2 - 1. Let w(r) = c(r) + 4*n(r). Give w(v).
17
Let k(h) be the third derivative of h**6/120 - h**5/12 - h**4/8 - h**3 + 10*h**2. Let o be (-2)/(-7) - 47/(-7). Suppose -5*u = -o*u + 12. Calculate k(u).
12
Suppose 3 = z - 2. Let y(l) = -1. Let q(a) = -a + 2. Let w(t) = q(t) + 2*y(t). Give w(z).
-5
Suppose -2*v = -0*v. Let j(s) = 4*s + 2. Let a(m) = 25*m + 15. Let p(b) = -a(b) + 6*j(b). What is p(v)?
-3
Let f(j) be the first derivative of j**3/3 + 2*j**2 + 8*j + 214. Calculate f(-2).
4
Suppose h - 6*h - 50 = 0. Suppose f + 0*f + 55 = 0. Let z be (-4)/22 + h/f. Let w(g) = -g**3 + g**2 - g - 4. Determine w(z).
-4
Let a(y) = y**2 + 9*y + 3. Let d be -12*(4/8 + 0). Calculate a(d).
-15
Suppose -396 = 5*h - 371. Let b(f) = f**3 + 4*f**2 - 7*f. Give b(h).
10
Let p(g) = 98*g**3 - 6 - 70*g**3 + 2*g**2 - 29*g**3 + 5*g. Give p(4).
-18
Let y(u) = 13*u**2 + 5*u - 28. Suppose -x = 5*p - 9, 3*p - 11 = 2*x - 3. Let c(w) = 3*w**2 + w - 7. Let s(d) = p*y(d) - 9*c(d). Calculate s(0).
7
Let d(w) = -9*w**2 + 2*w + 7. Let j(l) = 22*l**2 - 6*l - 18. Let k(p) = -12*d(p) - 5*j(p). Let x(m) = m**2 - 4*m. Let v be x(5). Determine k(v).
-14
Let x(m) = -8*m**2 - 34*m + 2 + 10*m - m**3 + 17*m + 8*m. Calculate x(-8).
-6
Let z(w) be the first derivative of 2*w**2 - 5*w + 18. What is z(7)?
23
Let a(z) = -z**3 - z**2 - z - 1. Let b(t) = -2*t + 25. Let o be b(12). Let l(m) = 5*m**3 + 3*m**2 + 2*m + 5. Let k(h) = o*l(h) + 3*a(h). What is k(2)?
16
Let a(c) = 12*c + 2*c - 2*c - 9*c + 2. Let z(q) = 2*q**2 - 2*q - 2. Let v be z(2). Give a(v).
8
Let u(o) = 4*o**2 + 6*o + 6*o**2 - 11*o**2 - 1 - 4. Suppose 0 = 7*n - 5*n + 160. Let z be n/(-14) + (-10)/(-35). What is u(z)?
-5
Let p(s) be the second derivative of -s**5/20 + 7*s**4/12 + 4*s**3/3 - 3*s**2/2 - 3